{"id":10,"date":"2014-10-26T22:04:39","date_gmt":"2014-10-26T21:04:39","guid":{"rendered":"http:\/\/psychotherapiepraktijk-gerits.nl\/?page_id=10"},"modified":"2026-01-05T21:57:54","modified_gmt":"2026-01-05T20:57:54","slug":"annemarie-gerits-praktijk-voor-psychotherapie","status":"publish","type":"page","link":"https:\/\/psych6.site.transip.me\/","title":{"rendered":"Home"},"content":{"rendered":"\n<p><em>Welkom op de site van Annemarie Gerits Praktijk voor Psychotherapie.<\/em><\/p>\n\n\n\n<p><em>Ik ga stoppen met de psychotherapie voor volwassenen. Met een klein aantal bestaande cli\u00ebnten werk ik nog een paar maanden door, maar ik neem geen nieuwe psychotherapie-cli\u00ebnten meer aan.<\/em> <br><em>Ook sluit ik geen contracten meer met zorgverzekeraars. U leest verderop wat daarvan de financi\u00eble gevolgen zijn voor bestaande cli\u00ebnten. <a href=\"https:\/\/www.psychotherapiepraktijk-gerits.nl\/?page_id=223\">Klik h<\/a><a href=\"https:\/\/www.psychotherapiepraktijk-gerits.nl\/?page_id=223\" target=\"_blank\" rel=\"noreferrer noopener\">i<\/a><a href=\"https:\/\/www.psychotherapiepraktijk-gerits.nl\/?page_id=223\">er<\/a><\/em><\/p>\n\n\n\n<p><em>De komende jaren geef ik alleen nog supervisie en leertherapie aan psychologen, psychiaters en psychotherapeuten in opleiding.<\/em> Ook voor bij- en nascholing van professionele teams kunt u nog bij mij terecht. <em>Klik <a href=\"https:\/\/www.psychotherapiepraktijk-gerits.nl\/?page_id=151\" target=\"_blank\" rel=\"noopener\">hier<\/a> voor meer informatie<\/em><\/p>\n\n\n\n<p><em> Jarenlang kon u bij mijn praktijk terecht voor:<\/em><br>\n<em>\u2022 Psychotherapie voor volwassenen (18+).<\/em><br>\n<em>\u2022 Supervisie en coaching.<\/em><br>\n<em>\u2022 Bij- &amp; nascholing voor professionals en teams.<\/em><\/p>\n\n\n\n<p><em>Therapeut van de praktijk is Annemarie Gerits, psychotherapeut. <a href=\"http:\/\/psychotherapiepraktijk-gerits.nl\/?page_id=33\">Meer informatie over mijn werkachtergrond leest u hier.<\/a><\/em><\/p>\n\n\n<div class=\"wp-block-image\">\n<figure class=\"aligncenter\"><a href=\"https:\/\/www.psychotherapiepraktijk-gerits.nl\/wp-content\/uploads\/2014\/10\/logo-LVVP-gevisiteerd.jpg\"><img loading=\"lazy\" decoding=\"async\" width=\"120\" height=\"122\" src=\"http:\/\/www.psychotherapiepraktijk-gerits.nl\/wp-content\/uploads\/2014\/10\/logo-LVVP-gevisiteerd.jpg\" alt=\"\" class=\"wp-image-104\"\/><\/a><\/figure><\/div>\n\n\n<p><em>In 2013, 2018 en in 2023 is de praktijk gevisiteerd door de Landelijke Vereniging van Vrijgevestigde Psychologen &amp; Psychotherapeuten, de LVVP. De praktijk voldoet volledig aan de kwaliteitscriteria van de LVVP. Deze beoordeling is vijf jaar (tot 31-12-2028) geldig. U kunt het Certificaat Deelname Praktijkvisitatie <a href=\"https:\/\/psychotherapiepraktijk-gerits.nl\/wp-content\/uploads\/2023\/12\/Visitatie-certificaat-24-november-2023.pdf\" target=\"_blank\" rel=\"noopener\">hier<\/a> downloaden.<\/em><\/p>\n\n\n\n<p><em><br> Mijn kwaliteitsstatuut is onlangs bijgewerkt (oktober&nbsp; 2025). Informatie over mijn kwaliteitsstatuut vindt u <a href=\"http:\/\/www.psychotherapiepraktijk-gerits.nl\/?page_id=243\" target=\"_blank\" rel=\"noopener\">op de pagina Kwaliteit van zorg. <\/a>U kunt mijn kwaliteitsstatuut downloaden <a href=\"https:\/\/www.psychotherapiepraktijk-gerits.nl\/wp-content\/uploads\/2025\/10\/Kwaliteitsstatuut-A.-Gerits-2025.pdf\">door hier te klikken<\/a>.<\/em><\/p>\n\n\n\n<p id=\"privacy-statement\"><em>Privacy statement<\/em><\/p>\n\n\n\n<p><em>In de privacystatement (verklaring over gegevensbescherming) staat uitgebreid uitgelegd welke gegevens ik van u verzamel, waarom ik dat moet doen en wat ik daarmee doe. De belangrijkste punten hieruit heb ik voor u&nbsp; samengevat:<\/em><\/p>\n\n\n\n<p><em>\u2013 Ik krijg alleen gegevens die u mij geeft (per telefoon of e-mail, in onze gesprekken) of die ik van u op mag vragen bij bijvoorbeeld uw huisarts of andere hulpverleners. Ik vraag niet meer gegevens dan ik nodig heb.<\/em><br>\n<em> \u2013 Ik gebruik deze gegevens alleen voor het onderhouden van contact, het uitvoeren van de behandeling, eventueel contact met uw huisarts of andere hulpverleners, en rekeningen aan de verzekeraar.<\/em><br>\n<em> \u2013 U geeft mij toestemming voor dit gebruik. Ook zijn er wettelijke verplichtingen voor mij om gegevens te gebruiken.<\/em><br>\n<em> \u2013 Ik geef uw gegevens niet door aan anderen dan de partijen die in de verklaring staan.<\/em><br>\n<em> \u2013 Ik heb voldoende maatregelen genomen om uw gegevens te beschermen zodat anderen die \u2013 niet onbedoeld kunnen inzien.<\/em><br>\n<em> \u2013 Ik bewaar persoonsgegevens niet langer dan nodig. Daarna zorg ik voor vernietiging.<\/em><br>\n<em> \u2013 Ik voldoe daarmee aan de eisen die de wet stelt.<\/em><\/p>\n\n\n\n<p><em>Voor de volledige statement kijkt u onder Praktische informatie op deze site of<a href=\"https:\/\/psychotherapiepraktijk-gerits.nl\/?page_id=610\"> klikt u hier<\/a>.<\/em><\/p>\n","protected":false},"excerpt":{"rendered":"<p>Welkom op de site van Annemarie Gerits Praktijk voor Psychotherapie. Ik ga stoppen met de psychotherapie voor volwassenen. Met een klein aantal bestaande cli\u00ebnten werk ik nog een paar maanden door, maar ik neem geen nieuwe psychotherapie-cli\u00ebnten meer aan. Ook sluit ik geen contracten meer met zorgverzekeraars. U leest verderop wat daarvan de financi\u00eble gevolgen &hellip; <a href=\"https:\/\/psych6.site.transip.me\/\" class=\"more-link\">Lees verder <span class=\"screen-reader-text\">Home<\/span> <span class=\"meta-nav\">&rarr;<\/span><\/a><\/p>\n","protected":false},"author":1,"featured_media":97,"parent":0,"menu_order":0,"comment_status":"closed","ping_status":"closed","template":"","meta":{"footnotes":""},"_links":{"self":[{"href":"https:\/\/psych6.site.transip.me\/index.php?rest_route=\/wp\/v2\/pages\/10"}],"collection":[{"href":"https:\/\/psych6.site.transip.me\/index.php?rest_route=\/wp\/v2\/pages"}],"about":[{"href":"https:\/\/psych6.site.transip.me\/index.php?rest_route=\/wp\/v2\/types\/page"}],"author":[{"embeddable":true,"href":"https:\/\/psych6.site.transip.me\/index.php?rest_route=\/wp\/v2\/users\/1"}],"replies":[{"embeddable":true,"href":"https:\/\/psych6.site.transip.me\/index.php?rest_route=%2Fwp%2Fv2%2Fcomments&post=10"}],"version-history":[{"count":120,"href":"https:\/\/psych6.site.transip.me\/index.php?rest_route=\/wp\/v2\/pages\/10\/revisions"}],"predecessor-version":[{"id":217800,"href":"https:\/\/psych6.site.transip.me\/index.php?rest_route=\/wp\/v2\/pages\/10\/revisions\/217800"}],"wp:featuredmedia":[{"embeddable":true,"href":"https:\/\/psych6.site.transip.me\/index.php?rest_route=\/wp\/v2\/media\/97"}],"wp:attachment":[{"href":"https:\/\/psych6.site.transip.me\/index.php?rest_route=%2Fwp%2Fv2%2Fmedia&parent=10"}],"curies":[{"name":"wp","href":"https:\/\/api.w.org\/{rel}","templated":true}]}}

<p><em>Welkom op de site van Annemarie Gerits Praktijk voor Psychotherapie.</em></p>



<p><em>Ik ga stoppen met de psychotherapie voor volwassenen. Met een klein aantal bestaande cliënten werk ik nog een paar maanden door, maar ik neem geen nieuwe psychotherapie-cliënten meer aan.</em> <br><em>Ook sluit ik geen contracten meer met zorgverzekeraars. U leest verderop wat daarvan de financiële gevolgen zijn voor bestaande cliënten. <a href="https://www.psychotherapiepraktijk-gerits.nl/?page_id=223">Klik h</a><a href="https://www.psychotherapiepraktijk-gerits.nl/?page_id=223" target="_blank" rel="noreferrer noopener">i</a><a href="https://www.psychotherapiepraktijk-gerits.nl/?page_id=223">er</a></em></p>



<p><em>De komende jaren geef ik alleen nog supervisie en leertherapie aan psychologen, psychiaters en psychotherapeuten in opleiding.</em> Ook voor bij- en nascholing van professionele teams kunt u nog bij mij terecht. <em>Klik <a href="https://www.psychotherapiepraktijk-gerits.nl/?page_id=151" target="_blank" rel="noopener">hier</a> voor meer informatie</em></p>



<p><em> Jarenlang kon u bij mijn praktijk terecht voor:</em><br>
<em>• Psychotherapie voor volwassenen (18+).</em><br>
<em>• Supervisie en coaching.</em><br>
<em>• Bij- &amp; nascholing voor professionals en teams.</em></p>



<p><em>Therapeut van de praktijk is Annemarie Gerits, psychotherapeut. <a href="http://psychotherapiepraktijk-gerits.nl/?page_id=33">Meer informatie over mijn werkachtergrond leest u hier.</a></em></p>


<div class="wp-block-image">
<figure class="aligncenter"><a href="https://www.psychotherapiepraktijk-gerits.nl/wp-content/uploads/2014/10/logo-LVVP-gevisiteerd.jpg"><img loading="lazy" decoding="async" width="120" height="122" src="http://www.psychotherapiepraktijk-gerits.nl/wp-content/uploads/2014/10/logo-LVVP-gevisiteerd.jpg" alt="" class="wp-image-104"/></a></figure></div>


<p><em>In 2013, 2018 en in 2023 is de praktijk gevisiteerd door de Landelijke Vereniging van Vrijgevestigde Psychologen &amp; Psychotherapeuten, de LVVP. De praktijk voldoet volledig aan de kwaliteitscriteria van de LVVP. Deze beoordeling is vijf jaar (tot 31-12-2028) geldig. U kunt het Certificaat Deelname Praktijkvisitatie <a href="https://psychotherapiepraktijk-gerits.nl/wp-content/uploads/2023/12/Visitatie-certificaat-24-november-2023.pdf" target="_blank" rel="noopener">hier</a> downloaden.</em></p>



<p><em><br> Mijn kwaliteitsstatuut is onlangs bijgewerkt (oktober&nbsp; 2025). Informatie over mijn kwaliteitsstatuut vindt u <a href="http://www.psychotherapiepraktijk-gerits.nl/?page_id=243" target="_blank" rel="noopener">op de pagina Kwaliteit van zorg. </a>U kunt mijn kwaliteitsstatuut downloaden <a href="https://www.psychotherapiepraktijk-gerits.nl/wp-content/uploads/2025/10/Kwaliteitsstatuut-A.-Gerits-2025.pdf">door hier te klikken</a>.</em></p>



<p id="privacy-statement"><em>Privacy statement</em></p>



<p><em>In de privacystatement (verklaring over gegevensbescherming) staat uitgebreid uitgelegd welke gegevens ik van u verzamel, waarom ik dat moet doen en wat ik daarmee doe. De belangrijkste punten hieruit heb ik voor u&nbsp; samengevat:</em></p>



<p><em>– Ik krijg alleen gegevens die u mij geeft (per telefoon of e-mail, in onze gesprekken) of die ik van u op mag vragen bij bijvoorbeeld uw huisarts of andere hulpverleners. Ik vraag niet meer gegevens dan ik nodig heb.</em><br>
<em> – Ik gebruik deze gegevens alleen voor het onderhouden van contact, het uitvoeren van de behandeling, eventueel contact met uw huisarts of andere hulpverleners, en rekeningen aan de verzekeraar.</em><br>
<em> – U geeft mij toestemming voor dit gebruik. Ook zijn er wettelijke verplichtingen voor mij om gegevens te gebruiken.</em><br>
<em> – Ik geef uw gegevens niet door aan anderen dan de partijen die in de verklaring staan.</em><br>
<em> – Ik heb voldoende maatregelen genomen om uw gegevens te beschermen zodat anderen die – niet onbedoeld kunnen inzien.</em><br>
<em> – Ik bewaar persoonsgegevens niet langer dan nodig. Daarna zorg ik voor vernietiging.</em><br>
<em> – Ik voldoe daarmee aan de eisen die de wet stelt.</em></p>



<p><em>Voor de volledige statement kijkt u onder Praktische informatie op deze site of<a href="https://psychotherapiepraktijk-gerits.nl/?page_id=610"> klikt u hier</a>.</em></p>

<p>Welkom op de site van Annemarie Gerits Praktijk voor Psychotherapie. Ik ga stoppen met de psychotherapie voor volwassenen. Met een klein aantal bestaande cliënten werk ik nog een paar maanden door, maar ik neem geen nieuwe psychotherapie-cliënten meer aan. Ook sluit ik geen contracten meer met zorgverzekeraars. U leest verderop wat daarvan de financiële gevolgen &hellip; <a href="https://psych6.site.transip.me/" class="more-link">Lees verder <span class="screen-reader-text">Home</span> <span class="meta-nav">&rarr;</span></a></p>
